base 3.
210210020
What is 1270 (base 15) in base 5?
111210
Convert -103243 (base 6) to base 16.
-214b
Convert -1144355 (base 6) to base 12.
-2b0bb
Convert 21432 (base 5) to base 10.
1492
Convert -842 (base 15) to base 5.
-24422
What is -5a34a (base 11) in base 10?
-86932
Convert -7123 (base 9) to base 16.
-1455
Convert -c6 (base 14) to base 11.
-149
What is -30137 (base 10) in base 14?
-ada9
100110110 (base 2) to base 9
374
200102 (base 3) to base 4
13301
Convert 55230 (base 8) to base 5.
1220232
Convert -28878 (base 9) to base 11.
-13865
-33200 (base 4) to base 2
-1111100000
-11003100 (base 4) to base 6
-235440
What is -10032 (base 5) in base 10?
-642
Convert 1033003 (base 4) to base 10.
5059
3003232 (base 4) to base 5
400101
Convert 9a6 (base 13) to base 2.
11001111001
Convert 222 (base 16) to base 7.
1410
Convert a773 (base 11) to base 4.
3132131
What is -120000 (base 3) in base 15?
-1c0
Convert 14b1 (base 15) to base 10.
4441
Convert -327 (base 9) to base 3.
-100221
Convert 10 (base 8) to base 14.
8
-2311 (base 8) to base 15
-56a
2df4 (base 16) to base 6
130244
Convert 12250 (base 14) to base 9.
66765
What is 1111101100 (base 2) in base 5?
13004
208 (base 9) to base 15
b5
What is -11650 (base 11) in base 15?
-4e6d
Convert 14532 (base 7) to base 15.
12e6
Convert b2 (base 12) to base 7.
251
559 (base 15) to base 6
5333
Convert -4950 (base 10) to base 16.
-1356
-13300 (base 5) to base 3
-1110211
What is 110200122 (base 3) in base 15?
2b1b
What is -175 (base 9) in base 6?
-405
What is -1091 (base 13) in base 16?
-90b
-26428 (base 9) to base 7
-103013
Convert -2875 (base 11) to base 7.
-13552
Convert -54241 (base 6) to base 8.
-16421
Convert -1110100111110 (base 2) to base 15.
-2341
What is -4515 (base 8) in base 2?
-100101001101
What is -55515 (base 7) in base 8?
-33231
What is -33545 (base 8) in base 9?
-21406
What is -1001120 (base 4) in base 15?
-138e
Convert -145040 (base 7) to base 14.
-a390
What is -21440 (base 5) in base 15?
-69a
What is 11010011 (base 2) in base 10?
211
8c93 (base 13) to base 10
19724
-22034 (base 14) to base 16
-141be
What is -1130 (base 7) in base 15?
-1c8
-25675 (base 12) to base 3
-2121001022
Convert 310204 (base 5) to base 8.
23506
What is 24143 (base 10) in base 3?
1020010012
What is -5345 (base 11) in base 4?
-1232123
Convert -1303 (base 7) to base 6.
-2141
29180 (base 13) to base 8
226560
Convert 33431 (base 5) to base 8.
4476
2212221 (base 3) to base 7
6064
What is 1353a (base 13) in base 16?
8cce
Convert 253 (base 12) to base 11.
29a
What is 35a2 (base 12) in base 3?
22021012
-70b0 (base 16) to base 5
-1410343
114d (base 16) to base 15
14a4
Convert 1122322 (base 5) to base 6.
234053
What is 33a6 (base 12) in base 10?
5742
What is -139e (base 16) in base 9?
-6800
What is -40212 (base 5) in base 16?
-9fd
What is -293 (base 12) in base 10?
-399
What is -52767 (base 8) in base 5?
-1201012
What is 2003 (base 5) in base 3?
100101
What is 1010011001000 (base 2) in base 14?
1d20
What is 3112 (base 13) in base 5?
204100
What is 3017 (base 8) in base 10?
1551
What is -ba86 (base 16) in base 4?
-23222012
Convert -30412 (base 5) to base 10.
-1982
4412 (base 8) to base 2
100100001010
Convert 121050 (base 6) to base 14.
3c22
-6d7 (base 16) to base 3
-2101212
534 (base 9) to base 6
2004
What is 3632 (base 7) in base 8?
2502
2102 (base 7) to base 14
3a9
Convert 23609 (base 10) to base 8.
56071
What is 27cc (base 16) in base 9?
14870
What is -21484 (base 10) in base 4?
-11033230
-10323131 (base 4) to base 3
-1000200202
What is -101010000 (base 2) in base 5?
-2321
What is -83 (base 13) in base 9?
-128
What is 230123 (base 5) in base 16?
1fe3
What is 35143 (base 6) in base 9?
6810
What is 1924 (base 10) in base 8?
3604
14601 (base 7) to base 3
12120200
1011011110 (base 2) to base 9
1005
What is -33b4 (base 13) in base 7?
-30060
What is -11a5 (base 13) in base 10?
-2501
What is 51412 (base 6) in base 16?
1ac0
What is -222331 (base 5) in base 11?
-5989
23300 (base 9) to base 13
7104
Convert -222100120 (base 3) to base 11.
-13486
-202101010 (base 3) to base 9
-22333
What is -520 (base 8) in base 11?
-286
-b074 (base 12) to base 7
-106450
Convert 1102102222 (base 3) to base 10.
28025
What is -24 (base 11) in base 9?
-28
Convert -1210011 (base 4) to base 10.
-6405
Convert -59 (base 10) to base 2.
-111011
What is -1011 (base 8) in base 13?
-311
-1402010 (base 5) to base 16
-6edc
-4218 (base 10) to base 9
-5706
17565 (base 8) to base 2
1111101110101
-341441 (base 5) to base 14
-45bb
-6252 (base 11) to base 15
-26c5
What is 16433 (base 8) in base 15?
231b
1d5d (base 14) to base 3
21101002
-1010101000000 (base 2) to base 10
-5440
Convert -e05 (base 15) to base 5.
-100110
What is 10011 (base 10) in base 8?
23433
Convert 437 (base 16) to base 2.
10000110111
Convert 1100000111 (base 2) to base 3.
1001201
Convert -3d (base 14) to base 15.
-3a
What is 6706 (base 9) in base 10?
4947
What is -1172 (base 10) in base 8?
-2224
Convert a0 (base 12) to base 9.
143
-b509 (base 16) to base 2
-1011010100001001
887 (base 12) to base 5
20010
118c (base 13) to base 12
152a
Convert -4520 (base 16) to base 3.
-220021102
What is 46185 (base 11) in base 9?
111522
Convert -7d11 (base 16) to base 7.
-162226
32213 (base 5) to base 11
1705
64 (base 14) to base 12
74
What is 2a91 (base 11) in base 12?
2370
Convert a298 (base 11) to base 9.
20656
Convert -32332 (base 5) to base 13.
-1017
What is 2b62 (base 15) in base 10?
9317
What is 211122011 (base 3) in base 2?
100000001110101
Convert 128 (base 16) to base 7.
602
Convert 31a (base 14) to base 8.
1144
13302 (base 4) to base 3
200110
Convert 101000001001101 (base 2) to base 8.
50115
What is 10a65 (base 13) in base 9?
45544
c2 (base 13) to base 15
a8
What is 1da2 (base 14) in base 6?
41054
What is 20404 (base 6) in base 4?
222310
8149 (base 10) to base 11
6139
Convert 11110000011 (base 2) to base 5.
30143
What is 43e (base 16) in base 15?
4c6
2180 (base 10) to base 3
2222202
What is -bb3 (base 12) in base 9?
-2320
7834 (base 9) to base 6
42434
Convert -4894 (base 12) to base 11.
-6163
What is -100101011110 (base 2) in base 5?
-34043
What is -18893 (base 10) in base 3?
-221220202
3021 (base 11) to base 13
1a9c
What is -20213 (base 4) in base 16?
-227
Convert 427 (base 9) to base 14.
1ad
What is -657 (base 9) in base 7?
-1366
What is 12202001 (base 3) in base 14?
1750
-1100100001111111 (base 2) to base 6
-1033343
What is -4350 (base 10) in base 5?
-114400
a489 (base 11) to base 4
3121003
What is -149a (base 16) in base 3?
-21020100
What is 20122 (base 3) in base 2?
10110011
Convert 1056 (base 7) to base 13.
237
Convert 321 (base 6) to base 15.
81
What is -40502 (base 7) in base 5?
-303401
8b11 (base 13) to base 6
230013
10110111010001 (base 2) to base 11
88a3
-1ad5 (base 16) to base 10
-6869
6946 (base 13) to base 16
39a9
2530 (base 6) to base 14
330
Convert 5212 (base 6) to base 14.
5cc
Convert -1210 (base 10) to base 3.
-1122211
110001100001100 (base 2) to base 6
313220
What is -3226 (base 7) in base 15?
-517
What is -35 (base 7) in base 4?
-122
What is -2c2 (base 16) in base 11?
-592
Convert -21000111 (base 3) to base 6.
-35404
Convert 221200212 (base 3) to base 7.
105422
Convert -5510 (base 6) to base 8.
-2362
What is -4169 (base 10) in base 16?
-1049
Convert -12563 (base 7) to base 11.
-25a0
What is 14044 (base 5) in base 6?
5153
Convert -353 (base 9) to base 16.
-123
What is 17707 (base 8) in base 3?
102011022
0 (base 16) to base 4
0
884 (base 10) to base 15
3de
What is -40062 (base 8) in base 2?
-100000000110010
1a4 (base 13) to base 11
256
1906a (base 11) to base 2
110100001001000
Convert -62b9 (base 15) to base 12.
-100b6
Convert -21db3 (base 14) to base 12.
-3b749
171 (base 11) to base 16
c7
What is -723 (base 13) in base 2?
-10010111100
What is -843 (base 13) in base 2?
-10101111111
What is -2267 (base 14) in base 11?
-4539
Convert -43034 (base 9) to base 5.
-1402322
What is -1ca32 (base 13) in base 11?
-39626
Convert -526 (base 9) to base 12.
-2b9
Convert -72e (base 16) to base 13.
-ab5
-1c7a (base 13) to base 7
-15420
Convert -1001002 (base 3) to base 6.
-3302
Convert 167627 (base 8) to base 10.
61335
What is 115ec (base 16) in base 8?
212754
-49a8 (base 11) to base 15
-1e06
10543 (base 8) to base 